at is the remainder when 23808 is divided by 20?
8
Calculate the remainder when 1347174 is divided by 14.
10
What is the remainder when 72681 is divided by 2906?
31
Calculate the remainder when 4354 is divided by 299.
168
Calculate the remainder when 41547 is divided by 68.
67
Calculate the remainder when 716036 is divided by 21.
20
Calculate the remainder when 53277 is divided by 2316.
9
Calculate the remainder when 1603104 is divided by 26.
22
What is the remainder when 3066 is divided by 1015?
21
What is the remainder when 68662 is divided by 22854?
100
Calculate the remainder when 3634 is divided by 1046.
496
Calculate the remainder when 311410 is divided by 103790.
40
What is the remainder when 32133 is divided by 1531?
1513
What is the remainder when 20523 is divided by 419?
411
What is the remainder when 3209 is divided by 1607?
1602
Calculate the remainder when 18240 is divided by 1458.
744
Calculate the remainder when 20292 is divided by 880.
52
Calculate the remainder when 167853 is divided by 82.
81
What is the remainder when 165433 is divided by 59?
56
Calculate the remainder when 14142 is divided by 60.
42
Calculate the remainder when 421393 is divided by 18.
13
Calculate the remainder when 613020 is divided by 217.
212
Calculate the remainder when 3202 is divided by 289.
23
What is the remainder when 1102 is divided by 351?
49
What is the remainder when 35493 is divided by 232?
229
What is the remainder when 12335 is divided by 2616?
1871
What is the remainder when 21685 is divided by 10834?
17
Calculate the remainder when 60130 is divided by 501.
10
Calculate the remainder when 6338 is divided by 319.
277
Calculate the remainder when 1616 is divided by 228.
20
Calculate the remainder when 10455 is divided by 8.
7
What is the remainder when 76679 is divided by 94?
69
What is the remainder when 57737 is divided by 19244?
5
Calculate the remainder when 2590 is divided by 2572.
18
What is the remainder when 1479 is divided by 145?
29
What is the remainder when 147111 is divided by 306?
231
Calculate the remainder when 68288 is divided by 251.
16
What is the remainder when 2481 is divided by 615?
21
Calculate the remainder when 4646 is divided by 102.
56
Calculate the remainder when 2477 is divided by 266.
83
Calculate the remainder when 564 is divided by 20.
4
What is the remainder when 121340 is divided by 24223?
225
What is the remainder when 211092 is divided by 35182?
0
Calculate the remainder when 186372 is divided by 832.
4
Calculate the remainder when 1044 is divided by 106.
90
What is the remainder when 1957 is divided by 257?
158
Calculate the remainder when 1272491 is divided by 5784.
11
What is the remainder when 45985 is divided by 20?
5
Calculate the remainder when 42723 is divided by 38.
11
Calculate the remainder when 61866 is divided by 41.
38
What is the remainder when 43042 is divided by 215?
42
Calculate the remainder when 2023 is divided by 301.
217
What is the remainder when 22052 is divided by 760?
12
What is the remainder when 68166 is divided by 34022?
122
Calculate the remainder when 273021 is divided by 182.
21
What is the remainder when 241 is divided by 49?
45
Calculate the remainder when 197223 is divided by 542.
477
Calculate the remainder when 61100 is divided by 15264.
44
What is the remainder when 2030 is divided by 68?
58
Calculate the remainder when 74421 is divided by 5315.
11
Calculate the remainder when 8159 is divided by 3820.
519
What is the remainder when 82379 is divided by 361?
71
Calculate the remainder when 4568 is divided by 111.
17
What is the remainder when 18310 is divided by 485?
365
What is the remainder when 44760 is divided by 69?
48
Calculate the remainder when 19031 is divided by 32.
23
What is the remainder when 9479 is divided by 158?
157
Calculate the remainder when 3698 is divided by 157.
87
Calculate the remainder when 232258 is divided by 572.
26
What is the remainder when 45489 is divided by 17?
14
Calculate the remainder when 3283 is divided by 1633.
17
Calculate the remainder when 7457 is divided by 1606.
1033
Calculate the remainder when 7670 is divided by 427.
411
What is the remainder when 2626 is divided by 717?
475
Calculate the remainder when 15724 is divided by 16.
12
Calculate the remainder when 13470 is divided by 1676.
62
Calculate the remainder when 32588 is divided by 38.
22
Calculate the remainder when 1199 is divided by 401.
397
What is the remainder when 175206 is divided by 401?
370
Calculate the remainder when 12431 is divided by 296.
295
What is the remainder when 7012 is divided by 642?
592
Calculate the remainder when 546 is divided by 534.
12
Calculate the remainder when 9018 is divided by 2225.
118
Calculate the remainder when 4890 is divided by 287.
11
What is the remainder when 134182 is divided by 338?
334
Calculate the remainder when 8685 is divided by 965.
0
What is the remainder when 20177 is divided by 59?
58
What is the remainder when 672 is divided by 24?
0
Calculate the remainder when 15174 is divided by 5050.
24
Calculate the remainder when 1709 is divided by 51.
26
Calculate the remainder when 177018 is divided by 89.
86
What is the remainder when 56831 is divided by 27?
23
What is the remainder when 6343 is divided by 6342?
1
Calculate the remainder when 11409 is divided by 151.
84
Calculate the remainder when 38915 is divided by 141.
140
What is the remainder when 401571 is divided by 2070?
2061
Calculate the remainder when 58822 is divided by 2800.
22
What is the remainder when 9195 is divided by 7574?
1621
What is the remainder when 43254 is divided by 41?
40
Calculate the remainder when 49695 is divided by 3822.
9
Calculate the remainder when 72170 is divided by 11.
10
Calculate the remainder when 13035 is divided by 87.
72
Calculate the remainder when 4205 is divided by 38.
25
What is the remainder when 4764 is divided by 793?
6
What is the remainder when 584221 is divided by 3377?
0
What is the remainder when 74163 is divided by 491?
22
Calculate the remainder when 13273 is divided by 13262.
11
Calculate the remainder when 214897 is divided by 42973.
32
Calculate the remainder when 2593 is divided by 1983.
610
Calculate the remainder when 4809 is divided by 37.
36
Calculate the remainder when 766587 is divided by 230.
227
Calculate the remainder when 15076 is divided by 16.
4
What is the remainder when 69367 is divided by 12?
7
Calculate the remainder when 282527 is divided by 648.
647
What is the remainder when 34157 is divided by 234?
227
What is the remainder when 161919 is divided by 16?
15
What is the remainder when 137139 is divided by 41?
35
What is the remainder when 1616 is divided by 751?
114
Calculate the remainder when 766154 is divided by 68.
66
What is the remainder when 1699127 is divided by 283?
278
What is the remainder when 71099 is divided by 1421?
49
What is the remainder when 7997 is divided by 1599?
2
Calculate the remainder when 10669 is divided by 59.
49
Calculate the remainder when 85907 is divided by 238.
227
What is the remainder when 4317 is divided by 228?
213
Calculate the remainder when 103769 is divided by 23.
16
What is the remainder when 191806 is divided by 32?
30
Calculate the remainder when 1069589 is divided by 87.
11
Calculate the remainder when 1561 is divided by 90.
31
What is the remainder when 32550 is divided by 4648?
14
What is the remainder when 96267 is divided by 28?
3
What is the remainder when 41995 is divided by 150?
145
What is the remainder when 682 is divided by 187?
121
Calculate the remainder when 294374 is divided by 27.
20
What is the remainder when 6282 is divided by 419?
416
Calculate the remainder when 1746 is divided by 400.
146
Calculate the remainder when 213650 is divided by 55.
30
Calculate the remainder when 4948 is divided by 1653.
1642
Calculate the remainder when 271927 is divided by 1333.
1328
What is the remainder when 91544 is divided by 91?
89
What is the remainder when 37948 is divided by 316?
28
What is the remainder when 1822359 is divided by 15?
9
What is the remainder when 105930 is divided by 447?
438
Calculate the remainder when 29196 is divided by 7291.
32
Calculate the remainder when 338817 is divided by 187.
160
Calculate the remainder when 1